e prime factors of 8829383.
8829383
What are the prime factors of 933101?
13, 71777
List the prime factors of 320425.
5, 7, 1831
What are the prime factors of 550772?
2, 19, 7247
What are the prime factors of 3653368?
2, 17, 26863
List the prime factors of 21651531.
3, 11, 373, 1759
What are the prime factors of 1932060?
2, 3, 5, 13, 2477
List the prime factors of 836246.
2, 317, 1319
List the prime factors of 376985.
5, 7, 10771
List the prime factors of 985475.
5, 39419
What are the prime factors of 2137?
2137
What are the prime factors of 6879371?
6879371
What are the prime factors of 8612575?
5, 31, 11113
What are the prime factors of 2688395?
5, 537679
What are the prime factors of 242465?
5, 71, 683
List the prime factors of 12620097.
3, 7, 9539
List the prime factors of 523025.
5, 20921
List the prime factors of 11811985.
5, 389, 6073
What are the prime factors of 495773?
495773
List the prime factors of 950700.
2, 3, 5, 3169
What are the prime factors of 1028144?
2, 13, 4943
List the prime factors of 889038.
2, 3, 49391
What are the prime factors of 37003846?
2, 11, 73, 23041
What are the prime factors of 13697391?
3, 71, 107, 601
What are the prime factors of 129992?
2, 16249
List the prime factors of 1022213.
487, 2099
What are the prime factors of 4749087?
3, 7, 59, 3833
What are the prime factors of 11508919?
11508919
List the prime factors of 12675432.
2, 3, 7, 11, 19
List the prime factors of 864708.
2, 3, 13, 23, 241
What are the prime factors of 3845958?
2, 3, 640993
What are the prime factors of 1074824?
2, 134353
What are the prime factors of 66393?
3, 2459
What are the prime factors of 249871?
249871
What are the prime factors of 11447878?
2, 13, 440303
List the prime factors of 924718.
2, 197, 2347
List the prime factors of 3555407.
1471, 2417
List the prime factors of 11915983.
19, 337, 1861
What are the prime factors of 417436?
2, 79, 1321
What are the prime factors of 255165?
3, 5, 17011
What are the prime factors of 3072223?
7, 11, 17, 2347
List the prime factors of 769778.
2, 384889
List the prime factors of 539474.
2, 13, 20749
What are the prime factors of 10387370?
2, 5, 7, 179, 829
List the prime factors of 11490838.
2, 5745419
What are the prime factors of 4982390?
2, 5, 7, 109, 653
What are the prime factors of 11617285?
5, 2323457
List the prime factors of 16669520.
2, 5, 7, 17, 103
What are the prime factors of 777999?
3, 37, 43, 163
What are the prime factors of 140799?
3, 46933
What are the prime factors of 398897?
37, 10781
List the prime factors of 1434097.
7, 204871
What are the prime factors of 8288838?
2, 3, 29, 67, 79
List the prime factors of 14763788.
2, 13, 97, 2927
List the prime factors of 314001.
3, 139, 251
What are the prime factors of 168784?
2, 7, 11, 137
List the prime factors of 1357740.
2, 3, 5, 19, 397
List the prime factors of 205279.
103, 1993
List the prime factors of 1467750.
2, 3, 5, 19, 103
What are the prime factors of 244851?
3, 17, 4801
List the prime factors of 8869390.
2, 5, 19, 46681
List the prime factors of 730762.
2, 17, 21493
List the prime factors of 21671874.
2, 3, 7, 29, 659
What are the prime factors of 23830795?
5, 71, 67129
What are the prime factors of 509450?
2, 5, 23, 443
List the prime factors of 52069.
52069
List the prime factors of 1076890.
2, 5, 113, 953
List the prime factors of 4554771.
3, 13, 116789
What are the prime factors of 362048?
2, 5657
List the prime factors of 558658.
2, 279329
List the prime factors of 2317785.
3, 5, 191, 809
List the prime factors of 4617493.
4617493
List the prime factors of 1039999.
1039999
List the prime factors of 4519.
4519
List the prime factors of 67293.
3, 7477
What are the prime factors of 131538?
2, 3, 11, 1993
List the prime factors of 1830495.
3, 5, 122033
List the prime factors of 434606.
2, 19, 11437
List the prime factors of 8606133.
3, 956237
What are the prime factors of 59159?
59159
List the prime factors of 212491.
37, 5743
List the prime factors of 15824703.
3, 1511, 3491
What are the prime factors of 20292425?
5, 811697
What are the prime factors of 449529?
3, 29, 5167
What are the prime factors of 1666550?
2, 5, 33331
What are the prime factors of 9841452?
2, 3, 71, 11551
What are the prime factors of 6656477?
349, 19073
List the prime factors of 730961.
7, 11, 863
List the prime factors of 178447.
178447
List the prime factors of 4429064.
2, 23, 24071
What are the prime factors of 154523?
154523
What are the prime factors of 3966669?
3, 7, 79, 797
List the prime factors of 2828872.
2, 19, 37, 503
List the prime factors of 3026857.
3026857
What are the prime factors of 2879571?
3, 103, 9319
What are the prime factors of 2481808?
2, 7, 22159
What are the prime factors of 1560306?
2, 3, 11, 47, 503
What are the prime factors of 5448001?
13, 59, 7103
List the prime factors of 19683022.
2, 1583, 6217
What are the prime factors of 464278?
2, 23, 10093
What are the prime factors of 71748?
2, 3, 1993
List the prime factors of 2724539.
17, 139, 1153
List the prime factors of 1828178.
2, 11, 23, 3613
List the prime factors of 3555.
3, 5, 79
What are the prime factors of 10713356?
2, 439, 6101
What are the prime factors of 1110672?
2, 3, 857
What are the prime factors of 258301?
43, 6007
What are the prime factors of 2417798?
2, 181, 6679
List the prime factors of 32683.
7, 23, 29
What are the prime factors of 1340105?
5, 13, 53, 389
What are the prime factors of 2063822?
2, 1031911
What are the prime factors of 6053974?
2, 3026987
What are the prime factors of 476549?
229, 2081
What are the prime factors of 1430777?
41, 34897
List the prime factors of 13246912.
2, 7, 29569
List the prime factors of 1032692.
2, 258173
What are the prime factors of 1015832?
2, 43, 2953
List the prime factors of 238399.
7, 34057
What are the prime factors of 449068?
2, 131, 857
What are the prime factors of 232162?
2, 7, 23, 103
What are the prime factors of 617699?
617699
List the prime factors of 838177.
97, 8641
What are the prime factors of 16256825?
5, 13, 50021
What are the prime factors of 547957?
547957
List the prime factors of 11336429.
13, 872033
What are the prime factors of 116212?
2, 17, 1709
List the prime factors of 301968.
2, 3, 233
What are the prime factors of 293674?
2, 146837
List the prime factors of 5651777.
607, 9311
What are the prime factors of 276746?
2, 138373
List the prime factors of 620398.
2, 17, 71, 257
What are the prime factors of 2869165?
5, 13, 37, 1193
List the prime factors of 257642.
2, 7, 11, 239
What are the prime factors of 4135613?
4135613
What are the prime factors of 2690129?
13, 206933
List the prime factors of 11940.
2, 3, 5, 199
What are the prime factors of 1564027?
37, 41, 1031
What are the prime factors of 10007284?
2, 7, 241, 1483
What are the prime factors of 449488?
2, 13, 2161
What are the prime factors of 1169279?
19, 41, 79
What are the prime factors of 1149367?
19, 60493
List the prime factors of 3073668.
2, 3, 13, 17, 19, 61
List the prime factors of 39827511.
3, 191, 7723
List the prime factors of 10137062.
2, 13, 31, 12577
What are the prime factors of 2027304?
2, 3, 37, 761
List the prime factors of 88385.
5, 11, 1607
What are the prime factors of 1124351?
1124351
What are the prime factors of 1241894?
2, 620947
What are the prime factors of 301832?
2, 29, 1301
What are the prime factors of 402844?
2, 13, 61, 127
What are the prime factors of 2377240?
2, 5, 103, 577
List the prime factors of 986452.
2, 246613
What are the prime factors of 4899994?
2, 11, 71, 3137
What are the prime factors of 1648001?
1648001
List the prime factors of 22173557.
7, 53, 59, 1013
What are the prime factors of 282098?
2, 17, 8297
What are the prime factors of 1511471?
13, 233, 499
List the prime factors of 1052233.
7, 13, 31, 373
List the prime factors of 4884393.
3, 1628131
List the prime factors of 8808364.
2, 47, 46853
What are the prime factors of 5768698?
2, 13, 221873
List the prime factors of 3090329.
11, 280939
What are the prime factors of 3343570?
2, 5, 257, 1301
List the prime factors of 7560178.
2, 157, 24077
What are the prime factors of 161792?
2, 79
List the prime factors of 13195008.
2, 3, 23, 83
List the prime factors of 8525295.
3, 5, 23, 8237
List the prime factors of 17